 of t**5/60 - t**4/4 - 2*t**3 - 54*t**2. Give j(9).
15
Let k(g) be the first derivative of -g**4/4 + g**3/3 + 7*g - 1726. What is k(-3)?
43
Let b = 29 - 22. Suppose 0 = -4*m - 3*w + 5, 0 = 5*m + 4*w - w - b. Let p(o) = o**m + 0 + 3*o - 1 + 0. Determine p(-3).
-1
Let c = 3532 + -3545. Let k(y) = 4*y + 26. What is k(c)?
-26
Let u(z) = z**3 - z + 102. Let p = -4054 - -4054. Determine u(p).
102
Let m(l) be the third derivative of -278*l**2 + 1/10*l**5 + 0*l**4 + 0 - 1/6*l**3 + 0*l. Determine m(-1).
5
Suppose -6*r + 124 = -320. Let k(g) = -2*g - r + 3*g + 59. What is k(0)?
-15
Let w(k) = 79 - 41 - k**3 + 4*k**2 + 2*k**2 - 3*k - 42. Let b be (84/48)/(1/4). Let d be (-6 + b)*(-10)/(-2). Give w(d).
6
Let u(x) = 2*x + 4. Let a(r) = r**3 - 42*r**2 + 83*r - 107. Let c be a(40). Let d be -4 + c - (-1 + (-1 - -4)). Calculate u(d).
18
Suppose 3492 + 780 + 464 = 148*h. Let s(c) = -c**3 + 31*c**2 + 28*c + 120. What is s(h)?
-8
Suppose 4 = -5*q + q. Let i(y) = y**2 - y. Let l(h) = 3*h + 79. Let w(n) = -2*i(n) - l(n). Let g(d) be the first derivative of w(d). Calculate g(q).
3
Let u(d) = 1670*d**2 - 3339*d**2 + d**3 - 4*d**3 + 2*d**3 - 7*d + 1677*d**2 - 6. Give u(7).
-6
Let l(x) = 13 - 8 - 8 - x. Let f be l(-4). Let v be (-20)/(-15)*3 + f. Let w(p) = p**3 - 6*p**2 + 7*p - 3. Calculate w(v).
7
Let z(d) = 7 + 50*d + 0 - 100*d + 47*d. Let c(y) = -3*y + 6. Let n(b) = 3*c(b) - 4*z(b). What is n(3)?
-1
Let a(s) = -134676*s + 134667*s - 30 - 39*s**2 + 40*s**2. Give a(-10).
160
Let b(z) be the third derivative of 0 + 0*z**5 - 1/120*z**6 - 1/12*z**4 + 0*z - 7/6*z**3 - 71*z**2. Determine b(0).
-7
Let o(v) be the third derivative of v**4/12 - v**3/3 + 6451*v**2 - 2*v - 2. Give o(8).
14
Let d be 18/(81/9) - -14. Let s(g) = -2*g - 21. What is s(d)?
-53
Let o(x) = 8 + 11*x + 14 + 2*x**2 + 34 - 74. Determine o(-8).
22
Let w(r) = r**2 - 9*r - 17. Suppose -1388 + 1008 = -10*t. Suppose -5*q - 4*u + t = 0, -2*u = -5*q + 64 - 8. Determine w(q).
-7
Suppose 27*v - 135 + 46 = 19. Let u(f) = -4*f + 19. Suppose -i + 5*i = 28. Let y(l) = -3*l + 13. Let w(t) = i*y(t) - 5*u(t). Determine w(v).
-8
Suppose -15*s = 2*h - 14*s - 82, 5*s = -5*h + 200. Let d(j) = h*j - 4 - 10*j + 2 - 15*j - 18*j. Let n = 1 + -5. Calculate d(n).
2
Let w(c) = 32*c + 31*c + 37*c + 14 - 140*c + 39*c. Determine w(23).
-9
Let s(b) be the second derivative of -1/12*b**4 + 0 - 19*b + 4*b**2 - 4/3*b**3. Calculate s(-9).
-1
Let b(a) = 11. Let u(o) = o + 194. Let t(r) = -38*b(r) + 2*u(r). What is t(13)?
-4
Let x(c) = 34*c**2 - 5 + 53*c**2 + c**3 + 67 - 64*c**2 + 3*c. Give x(-23).
-7
Suppose 0 = -121*t + 95*t - 104. Let l(b) = -2*b**2 - 19*b - 25. Determine l(t).
19
Let w(j) be the second derivative of 7*j**3/6 - 12*j**2 + 1993*j. Determine w(6).
18
Let y(t) = 6*t**2. Suppose 0 = -5*v + 5*x + 424 - 454, v + 4*x = 29. Determine y(v).
6
Let z(q) = -3*q + 2*q - 8*q**2 - q**3 + 5 - q - 5*q**2. Let a(i) = 2*i**2 - 1. Let d(j) = 4*a(j) + z(j). Give d(-4).
-7
Let v(o) = -8*o**2 - 5*o - 5. Suppose 3*x + 68 - 49 = -z, 0 = -2*z - 5*x - 32. What is v(z)?
-8
Let g(a) be the first derivative of a**4/4 - 3*a**3 + 3*a**2/2 + 18*a - 1189. What is g(8)?
-22
Let l(x) = x**2 - 16*x - 30. Suppose -1842*q + 1893*q = -93 - 9. Calculate l(q).
6
Let d(z) = z**3 - 22*z**2 + 21*z + 1. Let o be d(21). Let t(u) = -4 - u + 2*u - o + 4. Let v(j) = -j + 8. Let p(c) = t(c) - v(c). What is p(8)?
7
Let s = -2 - -3. Let v(l) = 3 - 3 - l + s. Suppose -3*a - 19*k + 39 = -23*k, -3*a - 10*k = 45. Calculate v(a).
-4
Let v = 318 + -319. Let z(j) = -j - 3. Let g(r) = r + 12. Let q(i) = v*g(i) - 5*z(i). What is q(1)?
7
Let h(y) be the first derivative of y**3/3 + 9*y**2/2 - 10*y + 221. Give h(-9).
-10
Let b = 55 + -46. Let q(a) = b*a + 63 - 33 - a**2 - 38. Let s(l) = -2*l + 3. Let h be s(-2). Determine q(h).
6
Let o(s) = 13*s**3 - 9*s**2 - 4*s - 8. Let j(w) = -3*w**3 + 2*w**2 + w + 2. Let b(n) = 9*j(n) + 2*o(n). Let u = 2812 + -5187. Let x = u - -2373. Determine b(x).
8
Let m = -153 + 81. Let h be 28/(-49) + m/21. Let x(o) = o**2 + 6*o + 1. What is x(h)?
-7
Suppose -5*y + 5*w - 40 = 0, y + 84 - 79 = -2*w. Let d(z) = -z**3 - 8*z**2 - 9*z + 9. Give d(y).
23
Let q(w) = -2*w**2 - 12*w + 14. Let a be q(-6). Let z(x) = -10*x**2 + 4*x**3 - 4*x + 3 - x + a*x**2 - 5*x**3. What is z(3)?
-3
Let l(c) be the second derivative of 7*c**6/60 - c**4/24 + 5*c**2/2 - 7*c. Let f(y) be the first derivative of l(y). Let j = 8 + -9. What is f(j)?
-13
Suppose 0*d = -2*d - 3*u, -4*u = d. Let y be (-22)/(-55) + 4/(-10) + d. Suppose 0 = -2*b - y - 6. Let o(a) = a**2 + 4*a - 4. Calculate o(b).
-7
Let b = 379 - 370. Let x(t) = -10*t - 4. Determine x(b).
-94
Let s = -17464 + 17462. Let l(c) be the first derivative of 11*c**2/2 - 2*c - 9. Calculate l(s).
-24
Let p(h) = h**3 - h**2 - 2*h - 40. Let a = 3127 - 3127. Determine p(a).
-40
Suppose 2*l = -5*v - 3, -v - 23 = 4*l - 8. Let i(q) be the first derivative of 5*q**4/2 - q**3 + 3*q**2/2 - q + 85713. What is i(v)?
9
Let v(f) = -24*f - 1 + 49*f - 19*f. Let r(t) = -11*t + 2. Let x(k) = -6*r(k) - 10*v(k). Let a(s) = s - 5. Let g be a(7). Give x(g).
10
Let n(t) = 0*t + 2*t - 6*t - 1. Let p be -17 + 18 + (-3)/(-1) - 2. Suppose 260 = p*k + 264. Calculate n(k).
7
Let q(s) = -s**2 + 7*s + 1. Let b(p) = 9*p**2 + 2 + 5 + 25*p - 10*p**2. Suppose 4*d = 100 - 0. Let z be b(d). Calculate q(z).
1
Suppose 0 = -3*l - 5*s + 32, -5*l = -s + 2 - 46. Let y(j) = -2*j - 15. Give y(l).
-33
Let i(h) = 3*h**2 + 61*h - 126*h + 62*h + 5 - 1 - h**3. Let y(m) = m**2 - 7*m. Let g be y(5). Let o = g + 13. What is i(o)?
-5
Let y(q) = -523*q + 12. Let w(r) = 123*r - 3. Let d(a) = 17*w(a) + 4*y(a). Give d(-7).
4
Let b be (-116)/(-6) + (15 - 32). Let l(c) be the first derivative of -b*c**3 + 4 + 1/2*c**2 + 1/4*c**4 - 6*c. Determine l(7).
1
Let f(l) = -24*l**3 + l**2 + l - 2. Let m = 5298 - 5297. What is f(m)?
-24
Suppose y = 2*y + 4*q - 20, 5*y = 5*q. Let r(s) = 4*s - y*s**3 + 19*s**3 - 6*s - 1 + s. Determine r(-1).
-15
Suppose 5*n - 5*g = 20, -16 = -3*n + 141*g - 142*g. Let u(p) = 16*p + 24. Give u(n).
104
Let a(z) = -z**3 - 9*z**2 + 8*z - 10. Suppose -2*i + 3*h - 23 = 0, -13*i = -5*h - 8 + 143. Determine a(i).
10
Let q(i) be the third derivative of i + 1/24*i**4 - 133*i**2 + 2*i**3 + 0. What is q(-14)?
-2
Let b(w) = -1259*w - 1330*w - w**2 - 74 + 2629*w. What is b(38)?
2
Let f be 20/(-24) - (1 + (0 - 122/(-12))). Let c(j) = -7*j - 93. Give c(f).
-9
Suppose m = 3*j - j, -4*j + m + 4 = 0. Let o(w) = -6 - 2*w + 2*w - 7 + 12 - 2*w + 23*w**j. What is o(-1)?
24
Let s(o) = -11*o + 34. Let d(z) = 5. Let v(w) = 5*d(w) - s(w). Calculate v(3).
24
Let p be (-15)/((-825)/(-10)) + (-48)/(-22). Let f(t) = 13 - 2847*t**2 + 4*t - t**3 - 4 + 2844*t**p. What is f(-3)?
-3
Let m(r) = -r**3 - r**2 - r - 19. Suppose -2*x = -4*p - 212, 3*p + x = -2*p - 272. Let i be 8 + p/7 + 2/(-7). What is m(i)?
-19
Let b = 6 - -2. Let i(d) = 1 + 0 - 265*d + 273*d - 4 - 3*d**2 + 2*d**2. Give i(b).
-3
Let h be (66/10)/(1083/3135) - (-14)/(-133). Let a(u) = u**2 - 20*u + 15. Determine a(h).
-4
Suppose 10 = 5*w, -3*g - 4*w = -g - 20. Suppose -g*f = 3 - 81. Suppose -2*t - 17 = -f. Let i(y) = -8*y + 2. Determine i(t).
18
Let q(y) = -2*y + 37. Let j be q(16). Suppose -2*t = j*i + 3, 0*i - 4*t = i - 3. Let v be 6/(-9) - (i - (-40)/(-6)). Let p(l) = -l - 1. Give p(v).
-8
Let a(c) = -c**3 + 5*c**2 - 3*c - 1. Let o(y) = y**3 + y**2 - 6*y - 9. Let u be o(-2). Let t be (13/4 - u) + 1/(-4). Determine a(t).
3
Let b(q) = -3*q + 10. Let x(m) = 3*m - 11. Let s(v) = -4*b(v) - 3*x(v). Suppose -28*p + 6 = -26*p. Let t be p/((-35)/25 + 2). Calculate s(t).
8
Let n(w) = -w**2 - 25765959*w - 24 + 6 + 25765960*w. What is n(6)?
-48
Let s(j) be the second derivative of 11*j**3/6 - j**2/2 - j. Let c be ((-54)/135)/((8/(-4))/20). Give s(c).
43
Let g(p) = 46*p - 98. Let m be (7/(-2))/((-147)/840*10). What is g(m)?
-6
Let y be (-59)/(-2)*(-4)/2. Let f = -54 - y. Let k(i) be the first derivative of i**3/3 - i**2/2 + 2*i + 41. Calculate k(f).
22
Let x(d) be the third derivative of d**6/120 - d**5/12 - d**4/6 + 2*d**3 + 4*d**2. Let g = -16820 + 16825. Give x(g).
-8
Let g(s) = -s**2 - 21*s - 18. Let q = 2153 + -2169. Give g(q).
62
Let a(o) = -107*o**2 + 32*o - 31. Let y(d) = 43*d**2 - 15*d + 15. Let m(q) = -2*a(q) - 5*y(q). What is m(11)?
-13
Let 